= 6 - -31. Suppose -m + z = 5*g, 2 + 2 = 2*g. Suppose -3*s = -3*o + m, -o + 8 + 5 = 3*s. What is the greatest common divisor of o and 50?
10
Let p = 101 + -41. Suppose p = 7*t - 6*t. Calculate the highest common factor of t and 24.
12
Let t(b) = -10*b**3 - b**2 - b - 1. Let p(o) = o - 15. Let z be p(14). Let f be t(z). What is the highest common factor of 9 and f?
9
Suppose 4*m = -22 + 6. Let y be 5 + m + (-1 - -108). Suppose 0 = r - 4*r + y. Calculate the highest common factor of r and 9.
9
Let h(d) = d**3 - 4*d**2 + 2*d + 4. Let u be h(3). Let t be u - (1 - 0)*2. Let a be -6*(t + (-7)/3). What is the greatest common factor of a and 4?
4
Let r(c) = -8 + 0*c + 2 + 3*c - c**2 + 2*c**2. Let v be r(-6). What is the greatest common factor of v and 12?
12
Suppose 0 = 5*f - 10, 2*p + 3*p = 5*f + 390. What is the highest common divisor of p and 16?
16
Suppose 0 + 96 = 4*u. Suppose 15 + 5 = 5*q. Suppose q*t - t = u. What is the highest common factor of t and 64?
8
Suppose -d + 2*q - 58 = -3*d, 2*d = -q + 56. Calculate the greatest common factor of d and 9.
9
Suppose -7*c + 2*c + w = -6, -5*c = -2*w - 2. Suppose -c*s - 4 = -2*t, 2*t - 2*s - 2*s = 0. What is the greatest common divisor of 2 and t?
2
Let i(g) be the second derivative of g**5/20 + 2*g**4/3 + 5*g**3/6 - 3*g**2 - 3*g. Let y be i(-6). What is the greatest common divisor of 24 and y?
12
Suppose 4*t + 32 = -0*t + 2*b, -t = 5*b - 14. Let g be t/(-4*1/42). Suppose -2*v - 23 = -g. Calculate the highest common factor of v and 4.
4
Suppose -4*i + 481 = -l, -i + 3*i - 4*l = 258. Let g = 47 + -30. Calculate the greatest common divisor of g and i.
17
Let i = 11 + -7. Suppose -i*h + 2*h = 3*r - 78, -3*r - 132 = -3*h. What is the greatest common divisor of h and 6?
6
Let b(d) = -d**3 + 8*d**2 + 4*d - 12. Let k be b(8). What is the greatest common divisor of 30 and k?
10
Let y be (-14)/(-49) - (-1556)/(-7). Let j be y/(-18) - (-2)/3. Suppose -4*z - 13 = 2*r - 3*r, 2*z = r - j. What is the highest common divisor of r and 91?
13
Let n(g) = -g + 98. Suppose -2*p - 4 = 2*z, -z - 4 = 2*z + 2*p. Let d be n(z). Calculate the highest common divisor of 14 and d.
14
Suppose 4*v - 3*i - 289 = 0, 4*i = -7*v + 2*v + 338. What is the greatest common factor of v and 14?
14
Let q = 9 - 5. Let y be 60/14 + q/(-14). Let p(n) = 3*n**2 + 2. Let d be p(y). What is the highest common divisor of 10 and d?
10
Suppose 0 = -5*k + 126 - 26. Suppose 0*n - k = -5*n. Suppose 3*t + 0*t = n*j + 110, -2*t - 3*j + 96 = 0. What is the highest common factor of 21 and t?
21
Let v be -42*1/((-8)/44). Calculate the highest common factor of v and 21.
21
Suppose 6*a - 4*m - 32 = 2*a, 4*a + 3*m + 3 = 0. Suppose 2*n = a*n - 54. Let r be (n/(-15))/((-1)/5). Calculate the greatest common divisor of 6 and r.
6
Let p be 22*(-16)/(-5) + 254/(-635). What is the highest common factor of 84 and p?
14
Let a(f) = f**3 - 10*f**2 - 10*f - 7. Let u be a(11). Suppose -35 = -u*q + 157. Calculate the greatest common divisor of 6 and q.
6
Let p be 0 + 5 - -1*2. Calculate the greatest common divisor of p and 56.
7
Suppose 4*n = 3*n. Suppose n = -6*t + 3*t + 9. Suppose -15 = -y - s, -t*y + 34 = -y + 3*s. Calculate the highest common divisor of 88 and y.
11
Suppose -3*v + 3*d = -177, -103 = v - 3*v - d. What is the greatest common divisor of 108 and v?
54
Suppose -3*u + 61 + 29 = 4*p, 142 = 4*u - 2*p. What is the highest common factor of u and 136?
34
Let w be -1*(-9 - (-2)/(-1)). Suppose -b - 2*j - 7 = -57, 4*b + j = 179. Calculate the greatest common factor of b and w.
11
Let w be (-8 + 5)/((-3)/2). Suppose -w*m = 11 - 23. What is the greatest common divisor of 4 and m?
2
Suppose 3*h - 5*q - 163 + 62 = 0, -3*q = -4*h + 142. What is the greatest common factor of h and 37?
37
Let r(q) = -3*q**3 - 2*q**2 - 4*q - 2. Suppose 0 = 2*v - 2*h + 3 - 1, -5*v - h - 11 = 0. Let u be r(v). What is the greatest common factor of 66 and u?
22
Suppose 3*t + m = -4*m + 13, -4*t + m = 21. Let s be (-1250)/(-35) - t/14. Calculate the greatest common factor of s and 9.
9
Let k be (-195)/(-20) + -3*3/(-36). Let g be (-463)/2 - 2/(-4). Let j be 2/(-5) - g/15. What is the highest common factor of k and j?
5
Suppose 3*a + 3*t - 693 = 0, 5*t + 296 = -4*a + 1221. Calculate the highest common divisor of 92 and a.
46
Let h(c) = 11*c**2 + c + 2. Suppose -4*u + u + 6 = 0. Let f be h(u). Calculate the highest common divisor of f and 12.
12
Let p be (6/(-4))/((-24)/32). Suppose p*w - 38 = -4*l, -32 = 5*w - l - 127. Calculate the greatest common factor of w and 38.
19
Let r be (-2)/(6/(-111)*1). Let j = r + -25. Suppose 0*m = -4*m + j. Calculate the highest common divisor of 9 and m.
3
Suppose -6*f + 32 = -112. Calculate the highest common divisor of 9 and f.
3
Let f(o) = o**3 + 7*o**2 + 8*o + 9. Let j be f(-5). Suppose -b - 1 + j = 0. Calculate the highest common divisor of b and 12.
6
Suppose 223 = 3*s - 4*o, -214 - 152 = -5*s + o. Let w be (126/(-15))/(7/(-10) + 1). Let k = s + w. What is the greatest common factor of 30 and k?
15
Let l(u) = 5*u - 3. Let v be l(5). Suppose -x - x = -v. Suppose 3*j = -f + j + x, 0 = 5*f + 5*j - 45. Calculate the highest common divisor of 77 and f.
7
Let g be (-24)/15*255/(-6). Let b(x) = -x**3 - 3*x**2 + 7*x + 2. Let y be b(-5). Calculate the greatest common factor of y and g.
17
Let k(o) be the second derivative of -o**5/20 + 3*o**4/4 + o**3/6 + 2*o**2 - 3*o. Let a be k(4). Calculate the greatest common divisor of a and 11.
11
Suppose 4*h - v - 973 = 0, -5*h + 383 = 5*v - 802. Calculate the highest common factor of h and 22.
22
Let i be 285/12 - (-3)/12. Suppose 4*m - i = -4*x, -m + 15 = x - 3*x. What is the highest common divisor of m and 36?
9
Let p(h) = -h + 9. Let b be p(7). Suppose b*z - 37 + 11 = 0. Let f = 69 - 4. What is the highest common factor of f and z?
13
Let i = 175 - 79. Suppose -4*x = a - 143, 3*x + 5*a - 24 - i = 0. What is the highest common divisor of 7 and x?
7
Let h be (-10 + -52)/((-1)/2). What is the highest common factor of h and 31?
31
Suppose -6*y + 160 = 4*y. What is the greatest common divisor of 16 and y?
16
Suppose -11*s + 85 = -212. What is the greatest common divisor of s and 18?
9
Let l(o) = o**3 - 5*o**2 - 3*o + 6. Let p be l(6). What is the greatest common divisor of 168 and p?
24
Let i(w) = -8*w. Let r be i(-6). Let s = -8 - -12. Suppose 5*q = -s*l + 38, -q = -l + 3*l - 22. Calculate the greatest common divisor of l and r.
12
Let y(u) = u. Let j be y(9). Let d = 17 - j. Calculate the greatest common factor of d and 4.
4
Suppose -4*q - 32 = -2*v, 3*q + 0 = 3. Calculate the greatest common divisor of 6 and v.
6
Let z = -17 - -15. Let x be (-147)/(-6) - (-1)/z. What is the greatest common factor of 16 and x?
8
Let o be 2/(-6) + 215/15. Calculate the greatest common divisor of o and 14.
14
Suppose 0 = 3*y - 2 - 1. What is the highest common factor of 9 and y?
1
Let m(l) = l**2. Let f be m(1). Let g = 6 + -2. Let p = f + g. What is the greatest common factor of 25 and p?
5
Let k be 2 + (-3 - 0) + -3. Let f be (-28)/k - 1*-1. Calculate the highest common factor of 40 and f.
8
Let m(f) = f + 29. Let y be m(-13). Suppose 200 - 584 = -3*b. What is the highest common factor of b and y?
16
Let g(z) = -z**2 - 4*z - 4. Let r be g(-4). Let p = -4 - r. Suppose 5*b - 93 = -y - p*b, -4*y = b - 277. What is the highest common divisor of 17 and y?
17
Suppose 5 = 5*d - 5. Suppose -59 = -2*g + v + 68, d*v + 188 = 3*g. What is the highest common divisor of g and 6?
6
Suppose 0 = 3*k + 3, k = 5*f + 218 - 1219. Calculate the greatest common divisor of 25 and f.
25
Let u(s) = s - 4*s + 1 + 1 - 4. Let i be u(-4). Calculate the highest common factor of 70 and i.
10
Suppose 3*u - 106 = 158. What is the greatest common divisor of u and 22?
22
Let d(h) = 2*h**2 - 3*h. Let w be d(-2). Let n = 121 + w. What is the greatest common factor of 54 and n?
27
Let b be (-3)/5 + 1518/30. What is the greatest common divisor of b and 20?
10
Let d be -1*(-7)/(35/30). Suppose 4*c - 476 = -0*c. Let t = c + -71. What is the highest common divisor of d and t?
6
Let k(p) = p**2 - p - 1. Let j be k(3). Suppose 5*i + j*t - 50 = 0, -2*t + 23 = 4*i - 13. What is the greatest common factor of 1 and i?
1
Let a be ((-40)/6)/(4/(-6)). Suppose 3*b + 36 = 2*i - b, -4*b = i - 24.